{"id":607,"date":"2020-07-20T19:11:50","date_gmt":"2020-07-20T17:11:50","guid":{"rendered":"https:\/\/ole-heydt.de\/shop\/?post_type=product&#038;p=607"},"modified":"2021-12-05T11:30:42","modified_gmt":"2021-12-05T10:30:42","slug":"handgefertigter-flaschenoeffner-aus-mahagoni-2","status":"publish","type":"product","link":"https:\/\/ole-heydt.de\/shop\/produkte\/kueche-haushalt\/handgefertigter-flaschenoeffner-aus-mahagoni-2\/","title":{"rendered":"Handgefertigter Flaschen\u00f6ffner aus Mahagoni"},"content":{"rendered":"<ul>\n<li>Kapselheber aus Holz mit hochglanz verchromter Angel<\/li>\n<li>Handgefertigtes, gedrechseltes Unikat<\/li>\n<li>Holzart: Mahagoni<\/li>\n<li>Ma\u00dfe: L\u00e4nge gesamt ca. 13,5 cm, L\u00e4nge Griff: ca. 8,5 cm, Griff \u00d8: ca. 2,0 cm<\/li>\n<li>Holzoberfl\u00e4che lebensmittelecht behandelt<\/li>\n<li>Dieses Produkt kann von uns gegen Aufpreis z.B. mit Namen, Firmennamen, (Firmen-)Logo oder einem Zitat versehen werden*.<br \/>\nKontaktiere uns gerne f\u00fcr eine pers\u00f6nliche Beratung.<\/li>\n<\/ul>\n<p>*Individualisierte Produkte nach Kundenw\u00fcnschen werden von uns nicht zur\u00fcckgenommen und sind vom Umtausch ausgeschlossen.<\/p>\n","protected":false},"excerpt":{"rendered":"<p>Handgefertigter Kapselheber aus Mahagoni. Produkt nach Kundenw\u00fcnschen individualisierbar.<br \/>\n<a href=\"#tab-description\">weitere Produktinfos ansehen \u2193<\/a><\/p>\n","protected":false},"featured_media":608,"comment_status":"open","ping_status":"closed","template":"","meta":[],"product_cat":[72],"product_tag":[94,97,83,91,86,90,89,96,95,92,88,84,93,98,87],"_links":{"self":[{"href":"https:\/\/ole-heydt.de\/shop\/wp-json\/wp\/v2\/product\/607"}],"collection":[{"href":"https:\/\/ole-heydt.de\/shop\/wp-json\/wp\/v2\/product"}],"about":[{"href":"https:\/\/ole-heydt.de\/shop\/wp-json\/wp\/v2\/types\/product"}],"replies":[{"embeddable":true,"href":"https:\/\/ole-heydt.de\/shop\/wp-json\/wp\/v2\/comments?post=607"}],"wp:featuredmedia":[{"embeddable":true,"href":"https:\/\/ole-heydt.de\/shop\/wp-json\/wp\/v2\/media\/608"}],"wp:attachment":[{"href":"https:\/\/ole-heydt.de\/shop\/wp-json\/wp\/v2\/media?parent=607"}],"wp:term":[{"taxonomy":"product_cat","embeddable":true,"href":"https:\/\/ole-heydt.de\/shop\/wp-json\/wp\/v2\/product_cat?post=607"},{"taxonomy":"product_tag","embeddable":true,"href":"https:\/\/ole-heydt.de\/shop\/wp-json\/wp\/v2\/product_tag?post=607"}],"curies":[{"name":"wp","href":"https:\/\/api.w.org\/{rel}","templated":true}]}}