{"id":480,"date":"2020-05-07T13:22:44","date_gmt":"2020-05-07T11:22:44","guid":{"rendered":"https:\/\/ole-heydt.de\/shop\/?post_type=product&#038;p=480"},"modified":"2021-12-05T11:35:22","modified_gmt":"2021-12-05T10:35:22","slug":"handgefertigter-kreisel-aus-amerik-nussbaum","status":"publish","type":"product","link":"https:\/\/ole-heydt.de\/shop\/produkte\/spielzeug\/handgefertigter-kreisel-aus-amerik-nussbaum\/","title":{"rendered":"Handgefertigter Kreisel aus amerik. Nussbaum"},"content":{"rendered":"<ul>\n<li>Kreisel aus amerik. Nussbaumholz<\/li>\n<li>Handgefertigtes, gedrechseltes Unikat<\/li>\n<li>Holzart: amerik. Nussbaum<\/li>\n<li>Ma\u00dfe: L\u00e4nge gesamt. ca. 6,5 cm, \u00d8: ca. 4,5 cm<\/li>\n<li>Holzoberfl\u00e4che lebensmittelecht behandelt<\/li>\n<\/ul>\n<p>Dieses Produkt kann von uns gegen Aufpreis z.B. mit Namen, Firmennamen, (Firmen-)Logo oder einem Zitat versehen werden*.<br \/>\nKontaktiere uns gerne f\u00fcr eine pers\u00f6nliche Beratung.<\/p>\n<p>*Individualisierte Produkte nach Kundenw\u00fcnschen werden von uns nicht zur\u00fcckgenommen und sind vom Umtausch ausgeschlossen.<\/p>\n","protected":false},"excerpt":{"rendered":"<p>Handgefertigter Kreisel aus amerik. Nussbaum. Produkt nach Kundenw\u00fcnschen individualisierbar.<br \/>\n<a href=\"#tab-description\">weitere Produktinfos ansehen \u2193<\/a><\/p>\n","protected":false},"featured_media":483,"comment_status":"open","ping_status":"closed","template":"","meta":[],"product_cat":[75],"product_tag":[],"_links":{"self":[{"href":"https:\/\/ole-heydt.de\/shop\/wp-json\/wp\/v2\/product\/480"}],"collection":[{"href":"https:\/\/ole-heydt.de\/shop\/wp-json\/wp\/v2\/product"}],"about":[{"href":"https:\/\/ole-heydt.de\/shop\/wp-json\/wp\/v2\/types\/product"}],"replies":[{"embeddable":true,"href":"https:\/\/ole-heydt.de\/shop\/wp-json\/wp\/v2\/comments?post=480"}],"wp:featuredmedia":[{"embeddable":true,"href":"https:\/\/ole-heydt.de\/shop\/wp-json\/wp\/v2\/media\/483"}],"wp:attachment":[{"href":"https:\/\/ole-heydt.de\/shop\/wp-json\/wp\/v2\/media?parent=480"}],"wp:term":[{"taxonomy":"product_cat","embeddable":true,"href":"https:\/\/ole-heydt.de\/shop\/wp-json\/wp\/v2\/product_cat?post=480"},{"taxonomy":"product_tag","embeddable":true,"href":"https:\/\/ole-heydt.de\/shop\/wp-json\/wp\/v2\/product_tag?post=480"}],"curies":[{"name":"wp","href":"https:\/\/api.w.org\/{rel}","templated":true}]}}